ghest common factor of a and c.
2
Suppose -5 = -2*n - 1. Suppose s + 14 = -s. Let w be (-110)/s - (-6)/21. Calculate the greatest common divisor of w and n.
2
Suppose -4 = 2*l + 10. Let k = 1 - l. Let q be ((-120)/25 - -4)*(-12 - -2). What is the greatest common divisor of q and k?
8
Let c(r) = 4 + r**2 - 3 + 0. Let f be c(3). Suppose 2*m + k - 23 = 0, 5*m = 2*m + 2*k + 24. What is the greatest common divisor of m and f?
10
Let f = -2 - -158. Calculate the highest common factor of f and 12.
12
Suppose 16 = 5*f + 6. Suppose -63 = f*x - 5*x. Let z(h) = h**2 + 12*h - 10. Let m be z(-13). What is the greatest common factor of m and x?
3
Suppose 2*w - o + 11 = -4*o, 2*w - 5*o = 29. Let j be 1/6 + (-2510)/(-60). Let x be j/5 + (-12)/30. What is the greatest common divisor of x and w?
2
Suppose p = 4*j + 7, p - 9 = -j + 3*j. What is the highest common factor of p and 33?
11
Let y(g) = -g**3 + 6*g**2 + 6*g + 5. Let o be y(7). Let a be (56 + -2)*o/(-4). What is the greatest common factor of 81 and a?
27
Let n(z) = -z**3 + 6*z**2 + 4*z - 9. Let w be n(6). Calculate the highest common divisor of w and 3.
3
Let u(k) = 11*k**2 - 4*k + 6. Let v be u(1). Calculate the highest common divisor of v and 13.
13
Let r(o) = -o + 2. Let p be r(8). Let s(q) = q + 9. Let l be s(p). Suppose 0 = l*a - 5*a + 294. Calculate the highest common divisor of a and 21.
21
Suppose -4*c - 2*y = -7*c + 8, 2*c - 6 = 2*y. Let i = c + 2. Calculate the highest common divisor of i and 2.
2
Suppose 13 = -5*j + 73. Suppose n - 3*n = -j. Suppose 0 = 2*u + n, r - u = 5 + 32. What is the highest common divisor of r and 17?
17
Let z(w) = -18*w + 4. Suppose 4 + 3 = -c. Let s be z(c). Suppose -2*j = -3*g - 149, 205 = 5*j + 5*g - s. What is the highest common divisor of j and 10?
10
Let f = -139 + 249. Calculate the greatest common divisor of f and 11.
11
Suppose 0 = -0*i + 3*i + 15. Let o be (3/i)/(1/(-35)). Suppose 3*m = o + 6. Calculate the highest common divisor of 81 and m.
9
Let v be 12/66 - -327*(-8)/(-132). Suppose -q - 2*q - x + 33 = 0, 0 = -3*q + 3*x + 21. Calculate the greatest common divisor of v and q.
10
Let k be (19/2)/(4/(-8)). Let l = 30 + k. Let o(h) = h**2 + 10*h + 2. Let z be o(7). Calculate the greatest common divisor of z and l.
11
Let h be (-280)/45 + (-2)/(-9). Let i(d) = -8*d. Let u be i(h). Let r = 28 + -16. What is the highest common divisor of u and r?
12
Let d(l) = l**3 - 12*l**2 - 6*l + 1. Let g be d(13). Calculate the highest common factor of 23 and g.
23
Let f = 26 - 24. Let r(s) = 6*s**2 - 1. Let t be r(f). What is the highest common factor of 46 and t?
23
Let y be (-65)/4*(-20)/5. Calculate the greatest common factor of y and 26.
13
Suppose 6*z - 4*z - 46 = 0. Calculate the greatest common factor of z and 92.
23
Suppose 2 = -2*j - 0, f - 6 = -4*j. Calculate the highest common divisor of f and 20.
10
Let v(n) = n + 3*n**3 - 9*n**2 - 2*n**3 + 11*n - 1 + 14. Let i be v(9). What is the highest common divisor of i and 11?
11
Let m(v) = -4*v + 5. Let x be m(-5). Suppose -5*l + 5 = 5*u, -4*u = 4*l - 3*l + 11. Calculate the highest common factor of l and x.
5
Suppose 1 = 2*z - h, 4*z - 3*h = -2*h + 5. Suppose 0 = -4*u + 4*r - 4, -4*r + 10 = -z*u - 0. Calculate the highest common divisor of 21 and u.
3
Suppose 0 = -10*v + 8*v. Suppose 2*y + 4*f + 6 - 22 = 0, v = -4*y - 3*f + 37. What is the highest common divisor of y and 70?
10
Let a be 2 + (-22)/(-2) + 1. Suppose 8*n - 20 = 4*n. Let b = a - n. Calculate the greatest common factor of 99 and b.
9
Let g be 12*(20/(-15) - -2). What is the highest common factor of g and 20?
4
Let o = -19 - -53. What is the greatest common factor of 68 and o?
34
Let h(q) = q**2 - 10*q + 6. Let y be h(8). Let a be (12/(-7))/(y/105). What is the greatest common divisor of 12 and a?
6
Suppose -6 = -d - a, a = 6*d - 2*d - 4. Calculate the highest common factor of 13 and d.
1
Let h(f) = f**2 - 1. Let u be h(5). Let y be (1 + -2)*1 + u. What is the highest common divisor of y and 69?
23
Let x = -185 + 260. Calculate the greatest common factor of x and 25.
25
Suppose 4*l - 7 = 5. What is the greatest common factor of l and 3?
3
Suppose -2*q - 4*i = -132, 0 = -3*q - 2*q + 5*i + 360. Calculate the greatest common divisor of 10 and q.
10
Let t(h) = h**2 + 0 - 3 + 5*h - 2. Let p be t(-6). Suppose -27 = -2*f + p. What is the highest common factor of 7 and f?
7
Let u(g) = -1 - g**3 + 1 - 4 + 2*g**2. Let o be u(-5). What is the highest common factor of 19 and o?
19
Let r(v) = v**2 + 10*v + 10. Let j be r(-9). Calculate the highest common divisor of j and 2.
1
Let w = 40 + -27. What is the greatest common factor of w and 143?
13
Let v = -118 + 30. Let q be 3*(-1)/3 - v. Calculate the highest common divisor of 29 and q.
29
Let y(t) = t**3 + 2*t**2 - 3*t + 2. Let p be y(-3). Suppose p*u - 77 + 13 = 0. Calculate the greatest common factor of u and 80.
16
Let y be ((-4)/(-5))/((-1)/(-10)). Suppose 0*d + 25 = 5*d. Suppose d*g - 40 = -0*g. Calculate the greatest common factor of y and g.
8
Let w = 3 - 3. Let z = 4 + w. Suppose 2*a - 3*m - 87 = -a, 4*m = -z*a + 76. Calculate the greatest common factor of a and 12.
12
Let q = 20 - 37. Let z = q - -27. Let l be (-3)/3 + 16 + 0. Calculate the highest common factor of z and l.
5
Suppose 1 = -4*f + 61. What is the highest common factor of f and 135?
15
Let x be 14 - (-1 + 1 + 0). Suppose -6*o + 8 = -2*o. Let q be (-624)/(-9) - o/(-3). What is the greatest common factor of x and q?
14
Suppose 5*a - 109 = -4*i, 0 = -3*i - 2*a - 16 + 96. Suppose 4*w = -3*d - 23, 5*d - w + 7 = -16. Let r = d + i. What is the greatest common divisor of 3 and r?
3
Let d(v) = -v**2 - 7*v - 4. Let r be d(-6). Suppose 0*a - 21 = -3*g - a, 0 = -5*g + 4*a + 18. Calculate the greatest common factor of r and g.
2
Let k be (-2 - (-4)/3)*3. Let y = k + 3. What is the highest common factor of y and 8?
1
Suppose -4*w - 2*r + 132 = 0, 3*w - 2*r + 0*r = 85. Calculate the greatest common factor of w and 31.
31
Let r be 13/3 - (-2)/(-6). Let t(h) = -h**2 + 6*h. Let g be t(r). What is the highest common divisor of 40 and g?
8
Suppose -14 = -2*x - 0*x. Let g be 154/(-4)*(-11 - -1). Suppose 0*d = -5*d + g. What is the highest common divisor of x and d?
7
Suppose -7*w + 2*w = -275. Calculate the greatest common divisor of 22 and w.
11
Let u = 6 + -13. Let z = u - -7. Suppose z = -2*p - l + 6*l + 25, 0 = -4*p + 3*l + 43. What is the greatest common divisor of p and 10?
10
Let g be (-19)/(-114) + (-2)/(-12)*23. What is the greatest common factor of 2 and g?
2
Let v = 204 - 94. What is the greatest common factor of 44 and v?
22
Suppose 123 = 4*l + 75. What is the greatest common divisor of 42 and l?
6
Suppose -4*k + 99 = -3*k. Let u(h) = h**3 + 5*h**2 + 2*h + 3. Let x be u(-4). Calculate the greatest common divisor of k and x.
11
Suppose -2*g + 9 = g. Suppose g*x - 25 = -5*b, -8*x - 4*b = -4*x - 36. What is the highest common factor of 30 and x?
10
Suppose 114 = -10*d + 464. Calculate the greatest common divisor of 21 and d.
7
Let u be (-756)/(-10) + (-2)/(-5). Calculate the highest common factor of u and 19.
19
Let z(w) = 4*w**2 - 3*w. Let d = -1 - -3. Let o be z(d). What is the greatest common factor of 20 and o?
10
Suppose d - 4*r = 66, 5*d - 6*r - 345 = -r. Suppose -48 - 112 = -4*i. Suppose 2*p - i = -2*p. What is the greatest common factor of p and d?
10
Suppose 2 + 0 = 2*n. Let b be -4 + n - -4 - -20. Let q = 16 + -9. What is the highest common factor of q and b?
7
Let x(t) = t**3 + 4*t**2 - t + 2. Let w be x(-3). Calculate the highest common factor of w and 266.
14
Let c = 19 + 5. Calculate the greatest common divisor of 16 and c.
8
Let u(h) = 24*h + 3. Let b = -6 - -10. Let a be u(b). Calculate the highest common divisor of a and 11.
11
Let r(w) = 3*w**3 - 4*w**3 - 9*w + 1 + 7*w - 6*w**2. Let s be r(-8). Calculate the greatest common divisor of 58 and s.
29
Let t be 1 + (-24)/(-5) - (-1)/5. Calculate the highest common divisor of 9 and t.
3
Suppose 3*u = 82 - 22. Let f = u - 5. Suppose 0 = -4*i + 627 - 87. What is the highest common factor of f and i?
15
Suppose -i + 22 = 2*z, 4*i + 4*z + z - 91 = 0. Calculate the highest common divisor of i and 12.
12
Let z(g) = 3*g**2 - g - 24. Let p be z(12). Calculate the greatest common divisor of 36 and p.
36